-0*u + u. Suppose 8 = p + u*x, 2*p - 5*x - 55 = -d*p. What are the prime factors of p?
2, 5
Let m(x) = -x**3 + 4*x**2 - x - 4. Let o be m(3). Let y be (8 + -2)/((-3)/o). List the prime factors of y/10 - (-124)/10.
2, 3
Let b(q) = -q**3 + 11*q**2 - 8*q + 6. What are the prime factors of b(9)?
2, 3
Suppose u + 49 = 216. What are the prime factors of u?
167
What are the prime factors of 282/8*(-1)/((-9)/48)?
2, 47
Suppose 5*j = 2*r + 102, -2*j - 2*r + 18 = -20. Let m = j - 9. What are the prime factors of m?
11
Suppose 5*w - i - 14 = -5*i, 5*w - 12 = -2*i. Let a(z) = -z**3 + 2*z**2 + 2*z - 1. Let o be a(w). Let j = o - 0. List the prime factors of j.
3
Suppose -y - 4 = y. Let q(j) = 9*j**2 + 3*j + 2. What are the prime factors of q(y)?
2
Let r(m) = m**3 + m**2 + 50. Let x be r(0). Let l = x + -5. Let h = -28 + l. List the prime factors of h.
17
Let b(g) = -g + 1. Let q(f) = 0 - 2*f + 1 + 6. Let u be q(6). What are the prime factors of b(u)?
2, 3
Suppose -2*n + u = -11, -3*n + 6*n + 2*u - 13 = 0. Suppose 5*a - 75 = 3*z, -n*a - 5*z = -3 - 32. List the prime factors of a.
2, 3
Let b(j) = -2*j + 7. Let p be b(5). Let c be 0/2 - (p - -1). Suppose -2*i + 2*o + 20 = i, 14 = 2*i - c*o. List the prime factors of i.
2, 3
Let l = -32 - -88. What are the prime factors of l?
2, 7
Let r = 0 + 2. Suppose r*h - 7 = f, 25 = 5*h + 3*f + 2*f. Suppose -94 = -4*j - 2*c, j - 19 = 5*c - h*c. List the prime factors of j.
2, 11
Let v(o) = 5*o + 3. Let s be v(8). Let i = s + -28. What are the prime factors of i?
3, 5
Suppose -12 = -4*w + 28. Suppose 4*y + 2 = -w. List the prime factors of ((-10)/y)/((-6)/(-18)).
2, 5
Suppose -o - 4 = -2*o. Suppose -v = 2*y - o, 5*v - 19 = -5*y + 1. Suppose -3*c - 72 = -v*b, -c + 37 = b + 3*c. List the prime factors of b.
3, 7
Let j(n) = n + 13. Let a be j(-7). Let w = a + -3. What are the prime factors of w?
3
Suppose 4*b - b + 9 = 0. Let r(j) = j**3 + 6*j**2 + 2*j. List the prime factors of r(b).
3, 7
Suppose -t + 6 = 4*k + 17, 5*t - 8 = k. Let f = t - -2. Suppose 0 = f*x - 49 + 1. What are the prime factors of x?
2
Let u(o) = o**2 + 3*o - 7. Let t be u(-5). Let x = 6 - t. What are the prime factors of x?
3
List the prime factors of (-1 - -3) + 4/4 - -102.
3, 5, 7
Suppose -10 = -3*i + 17. List the prime factors of i.
3
Let v = 125 + -37. What are the prime factors of v?
2, 11
Suppose 3*n = 4*r - 29, -n - 6 - 17 = -4*r. Let l = 7 + n. Suppose -l*q + 4 = 0, 9 = 3*u - q + 1. List the prime factors of u.
3
Suppose -2*y = -1 + 7. Let k be (-3)/3*0 - y. Suppose 0 = o + k*o - 8. What are the prime factors of o?
2
List the prime factors of (-2)/4 - -206*(-5)/(-20).
3, 17
Suppose -3*c + 3*t + 227 = -t, t = -4*c + 271. List the prime factors of c.
3, 23
Let b = 5 + 3. Suppose 3*l = b*l - 2*q + 24, 3*l - 5*q + 22 = 0. List the prime factors of (-3)/(18/l)*15.
2, 5
Let f(s) = -10*s**2 + 0*s**2 + 16 - s**2 - 9*s**2 - 16*s. Let u(p) = -4*p**2 - 3*p + 3. Let c(m) = 3*f(m) - 16*u(m). List the prime factors of c(1).
2
Suppose 0*v = 2*v - 4. Suppose 5*q = v*i - i + 8, -q + 3*i - 4 = 0. What are the prime factors of q?
2
Let u = 3 - 1. Suppose n - 8 = -2*l - 2*n, 5 = l + u*n. Let z = l + 9. List the prime factors of z.
2, 5
Suppose 0 = k - q + 12, q - 22 = 5*k + 50. What are the prime factors of (-582)/k - 2/(-10)?
3, 13
Suppose 0 = -5*k + 5*t + 205, 4*t + 50 + 34 = 2*k. What are the prime factors of k?
2, 5
Let w = 4 - 1. Let o be (-1 - -2)*2 - -1. Let d = o + w. What are the prime factors of d?
2, 3
Let h = 55 + -52. Let o be (3 + -2)*(1 + -1). Suppose -2*w + 29 - 9 = q, o = -h*w + 2*q + 44. List the prime factors of w.
2, 3
Suppose -w - 102 - 701 = -4*m, -3*m - w = -597. What are the prime factors of m?
2, 5
List the prime factors of (-1 - 10/(-8)) + (-280)/(-32).
3
Let j be 18/30 + (-4)/(-10). Let p = j + 37. What are the prime factors of p?
2, 19
Let w(k) = k**2 - k - 4. Let a be w(4). Suppose -4*i + a = -0. List the prime factors of i.
2
Suppose d + 14 - 41 = -5*s, -s + 15 = -3*d. Suppose s = n + n, -5*y = 2*n + 19. Let f = y - -13. What are the prime factors of f?
2
Suppose 4*z - 7*z + 12 = 0. Suppose -2*t - 5*k = -z*t + 63, -2*k + 2 = 0. What are the prime factors of t?
2, 17
Let s(f) = f**3 - 13*f**2 + 10*f + 12. Let t be s(12). What are the prime factors of (-218)/t + 2/(-12)?
2, 3
Let c = 19 - 22. Let g = c + 11. What are the prime factors of g?
2
Let m = 2 - -1. Suppose -m*c - 7 + 82 = 0. List the prime factors of c.
5
Suppose 0 = -5*i + 3*i + 30. Suppose 5*q - i = -0*q. List the prime factors of q.
3
Suppose -2*y + 1 = 3*x, -2*x - 11 = -3*y + 2*y. Let t = x + 10. List the prime factors of t.
7
Suppose y + 42 = 9. Let f = 63 + y. List the prime factors of f.
2, 3, 5
Let m be (-1 - -3)*(-2)/(-4). Let a = m - -4. Suppose -22 - 6 = -4*b - 3*l, -4*b - 4 = -a*l. List the prime factors of b.
2
Let g(p) be the third derivative of p**5/30 - 3*p**4/8 + 3*p**3/2 - p**2. List the prime factors of g(6).
3
Let g = -5 + 25. List the prime factors of g.
2, 5
Suppose 6*j - 997 + 265 = 0. List the prime factors of j.
2, 61
Suppose -45 = -3*w + 4*k - 123, -2*k = 6. List the prime factors of (0 - 2/4)*w.
3, 5
Let g = 343 + -245. Suppose g = 5*q - 2. Suppose -v + 0*v + q = 0. What are the prime factors of v?
2, 5
Let o = 68 - 36. List the prime factors of o.
2
Let w(k) = -k**2 - 7*k - 4. Suppose 0 = -3*o - 0*o - 9. List the prime factors of w(o).
2
Let p(u) = -u**3 - 6*u**2 + 6*u + 10. Let d = -2 - -3. Suppose -h - d = 6. List the prime factors of p(h).
17
Let j(w) = -w**3 + 11*w**2 + 2*w - 16. List the prime factors of j(11).
2, 3
Let o(v) = v**2 + v + 5. Suppose -2*p = -0*p + 2. Let b be 1 + -5 - (-1 - p). List the prime factors of o(b).
17
Let x = -53 + 84. Let i = x + -12. What are the prime factors of i?
19
Let x = 4 + 0. Suppose -5*k + x*j + 149 = -0*k, 5*j - 82 = -3*k. What are the prime factors of k?
29
Suppose 0 = 19*m - 18*m - 36. What are the prime factors of ((-24)/m)/(4/(-114))?
19
Let b = 30 - 10. Suppose 0 = -4*i - 0*i + b. Suppose -5*g + 35 = 2*j, i*j - 3*g = -0 + 10. What are the prime factors of j?
5
Let a be 1938/(-78) + 4/(-26). Let z = 35 + a. What are the prime factors of z?
2, 5
Suppose 3*f - 3 = 3*b, 3*b + 3 = 4*f - 3. What are the prime factors of ((-14)/(-2))/(f/6)?
2, 7
Let c be 4*(0 + 2 + -1). Suppose -5*q - 2*o + 42 = 0, -c*o = -4*q - 5*o + 33. Suppose -q - 2 = -v. What are the prime factors of v?
2, 5
Let p = 29 + -8. Suppose -5 - 3 = 2*l, l = -5*h + 51. Let a = p - h. What are the prime factors of a?
2, 5
Let d(x) = 2*x + 2. Let o = 18 - 11. Let a be d(o). Suppose -4 + a = 2*u. List the prime factors of u.
2, 3
Suppose 1 = -h - 16. Let v = 31 + h. What are the prime factors of v?
2, 7
Suppose g + 0*g - 31 = 0. What are the prime factors of g?
31
Suppose 15*y - 10*y = 175. What are the prime factors of y?
5, 7
Let u(s) = -2 - 1 + 2*s**3 + 6*s + 3*s**2 - 3*s**3 + 1. What are the prime factors of u(4)?
2, 3
Let n be (-260)/(-36) - (-2)/(-9). Suppose 1 + n = 4*q. List the prime factors of q.
2
Suppose 0 = o - 3*x - 247, -510 = -2*o - x - 23. List the prime factors of o.
2, 61
Let o be 23/5 - (-2)/5. Suppose 13 = o*k + t + t, 3*k + 5*t - 4 = 0. List the prime factors of k.
3
Let m be (-1)/2 - 4/(-8). Suppose m = 5*b - 3 - 52. List the prime factors of b.
11
Suppose -4*q = -3*c - 2*c - 20, -62 = -5*q - 3*c. Let y(f) = 2*f - 3. What are the prime factors of y(q)?
17
Suppose 44 = a - 6. Suppose 2*g - 4*s = -6, -6*g = -g + 3*s - a. What are the prime factors of g?
7
Suppose 0 = 3*h - 0*b - 3*b - 222, -89 = -h - 4*b. What are the prime factors of h?
7, 11
Suppose d - 3*v - 12 = 0, 0 = 2*v + 5 + 1. Suppose -d*y = -y - 4. Let p = y - 0. What are the prime factors of p?
2
What are the prime factors of (-1395)/124*((-10)/6 + -1)?
2, 3, 5
Let j be (-135)/10*4/(-3). Suppose -2*x = -16 - j. What are the prime factors of x?
17
Let o(h) be the first derivative of 2*h**3/3 - h**2/2 - 2*h - 1. Let c be o(3). Suppose 0 = -4*a + 11 + c. What are the prime factors of a?
2, 3
Suppose 3*p = -5*v + 23, p - 19 = -0*v + 4*v. Suppose -3*l + 7 = -p. Let n = l - -10. List the prime factors of n.
2
Let m(i) = -i**3 - 7*i**2 - 7*i - 1. Let a(f) = -1. Let g(u) = -2*a(u) + m(u). List the prime factors of g(-6).
7
What are the prime factors of 1/(4*(-4)/(-48)) + 15